33797?
False
Is 282 a factor of 72220200?
True
Is 1459037942 a multiple of 19?
False
Is 67698540 a multiple of 39?
True
Does 110 divide 28492343?
False
Is 26127581 a multiple of 2359?
False
Is 165 a factor of 319839377?
False
Is 22 a factor of 1930313462?
True
Is 122 a factor of 308326086?
True
Is 1599 a factor of 110222336?
False
Does 61 divide 379664?
True
Is 200 a factor of 49593200?
True
Is 758356863 a multiple of 93?
False
Does 2624 divide 361800473?
False
Is 140 a factor of 79250360?
True
Does 786 divide 59289083?
False
Is 84825942 a multiple of 4?
False
Is 1735187703 a multiple of 256?
False
Is 169337717 a multiple of 2143?
True
Does 2036 divide 103204840?
True
Is 1711 a factor of 642617380?
True
Is 36358181 a multiple of 16?
False
Is 18 a factor of 28815318?
True
Does 32 divide 42935776?
True
Does 8 divide 2518048?
True
Is 142 a factor of 190264238?
True
Is 6682 a factor of 605462702?
True
Is 68145895 a multiple of 97?
True
Is 41 a factor of 4860172594?
False
Is 54708104 a multiple of 44?
True
Is 2209 a factor of 73523284?
False
Does 466 divide 23788154?
False
Is 226955168 a multiple of 30?
False
Is 8 a factor of 25733235?
False
Is 51096601 a multiple of 1055?
False
Is 617 a factor of 2228431473?
False
Is 91197504 a multiple of 16?
True
Does 30 divide 5697900?
True
Is 59 a factor of 104762701?
True
Does 642 divide 221859792?
True
Is 47 a factor of 76864993?
False
Is 5 a factor of 72948098?
False
Is 486 a factor of 63587457?
False
Is 1619427492 a multiple of 11?
False
Is 119 a factor of 117524638?
True
Is 298298433 a multiple of 80?
False
Is 8 a factor of 17881160?
True
Is 833 a factor of 208960273?
False
Does 3446 divide 3061707192?
False
Does 9 divide 955647?
True
Is 425394858 a multiple of 291?
True
Is 15852669 a multiple of 103?
False
Does 182 divide 50537396?
True
Does 13 divide 140234367?
True
Is 817 a factor of 130533388?
False
Is 242051007 a multiple of 4?
False
Is 6282807 a multiple of 18?
False
Does 109 divide 122472640?
False
Is 27839377 a multiple of 1225?
False
Is 339 a factor of 1393955084?
False
Is 3221 a factor of 57094784?
False
Is 1172 a factor of 7708244?
True
Is 258113105 a multiple of 31?
False
Is 256 a factor of 1138181124?
False
Does 402 divide 78238848?
True
Does 5944 divide 361092056?
True
Does 477 divide 104602284?
True
Is 7 a factor of 55833708?
True
Does 2964 divide 11378796?
True
Does 111 divide 14350234?
False
Does 210 divide 96463655?
False
Is 1276 a factor of 960959428?
True
Is 987679464 a multiple of 907?
True
Is 43 a factor of 1030505414?
False
Is 2144255 a multiple of 5?
True
Is 69717880 a multiple of 10?
True
Is 1626439620 a multiple of 530?
True
Is 6 a factor of 38257626?
True
Is 278420 a multiple of 10?
True
Is 25 a factor of 105496108?
False
Does 128 divide 21224751?
False
Does 36 divide 5728514?
False
Is 4292230203 a multiple of 117?
False
Is 7 a factor of 1744139913?
False
Is 225 a factor of 97917300?
True
Is 26 a factor of 240554548?
True
Is 28620846 a multiple of 75?
False
Is 130 a factor of 875319461?
False
Is 130886968 a multiple of 488?
True
Is 43572733 a multiple of 433?
False
Does 23 divide 839891?
True
Does 8 divide 6249523?
False
Does 80 divide 306822720?
True
Is 469731247 a multiple of 1237?
False
Is 5 a factor of 2912764?
False
Is 14228571 a multiple of 6?
False
Is 260 a factor of 90888826?
False
Is 2955960211 a multiple of 38?
False
Is 18 a factor of 250424109?
False
Is 14223135 a multiple of 2?
False
Does 41 divide 23960675?
False
Is 920 a factor of 47075236?
False
Is 959933605 a multiple of 29?
False
Does 85 divide 751978425?
True
Does 388 divide 5301684?
False
Is 626003511 a multiple of 2065?
False
Is 1210285089 a multiple of 7111?
True
Is 22 a factor of 34939183?
False
Is 12 a factor of 517900944?
True
Does 8 divide 76727475?
False
Is 41419050 a multiple of 18?
False
Is 832 a factor of 41480192?
True
Is 1214662869 a multiple of 21?
True
Does 7120 divide 1820716541?
False
Is 16 a factor of 15324548?
False
Does 7632 divide 5561329067?
False
Is 365 a factor of 10014995?
False
Is 9 a factor of 330131416?
False
Does 17 divide 27682175?
False
Is 404 a factor of 22784352?
False
Does 289 divide 5153365?
False
Does 34 divide 426299038?
True
Does 3677 divide 2120001906?
False
Is 1122 a factor of 162200808?
True
Is 78 a factor of 16527732?
True
Does 1116 divide 88707492?
True
Is 333354050 a multiple of 950?
True
Does 642 divide 34079286?
True
Does 630 divide 1283020830?
True
Is 2222484 a multiple of 12?
True
Is 622 a factor of 140522862?
True
Is 4581816 a multiple of 496?
False
Does 305 divide 68541125?
True
Is 2575115017 a multiple of 26?
False
Is 3243 a factor of 2195987721?
True
Is 11 a factor of 116570894?
True
Does 96 divide 357321752?
False
Is 1560851653 a multiple of 8?
False
Is 431 a factor of 17376944?
False
Does 27 divide 33637947?
False
Is 4 a factor of 852516?
True
Is 23674176 a multiple of 8?
True
Is 11477 a factor of 1400790804?
True
Is 6059 a factor of 523424732?
False
Does 14 divide 898318330?
True
Is 2222008188 a multiple of 493?
True
Is 10 a factor of 493007980?
True
Does 13 divide 995769717?
False
Is 748 a factor of 930632976?
False
Is 67102660 a multiple of 17?
False
Is 32 a factor of 941648992?
True
Does 100 divide 14891558?
False
Does 16 divide 361261632?
True
Does 111 divide 39659856?
True
Is 176826648 a multiple of 547?
False
Does 257 divide 801234375?
False
Does 24 divide 19824741?
False
Is 77875228 a multiple of 45?
False
Is 91879613 a multiple of 216?
False
Is 163520895 a multiple of 74?
False
Is 11042745 a multiple of 81?
False
Is 38502024 a multiple of 1034?
True
Does 6 divide 37168276?
False
Is 6199132661 a multiple of 984?
False
Is 828 a factor of 1117593455?
False
Is 1625727000 a multiple of 4267?
True
Is 421 a factor of 916247990?
False
Is 10 a factor of 196873480?
True
Is 25 a factor of 36625850?
True
Does 102 divide 61280492?
False
Is 275 a factor of 254488575?
True
Is 2222311156 a multiple of 37?
False
Does 23 divide 2696901475?
False
Is 251686642 a multiple of 9?
False
Is 265 a factor of 7655585?
True
Is 10919733 a multiple of 48?
False
Is 5 a factor of 558196065?
True
Is 10176591 a multiple of 17?
True
Does 39 divide 518818066?
False
Is 154100955 a multiple of 214?
False
Is 40 a factor of 41401320?
True
Is 16683996 a multiple of 12?
True
Does 124 divide 10820253?
False
Does 1775 divide 14693450?
True
Does 1349 divide 35411250?
True
Does 108 divide 286339823?
False
Does 12 divide 79939884?
True
Is 8401 a factor of 2218788110?
True
Is 40640340 a multiple of 13?
True
Is 287643282 a multiple of 83?
False
Is 394323071 a multiple of 36?
False
Is 66 a factor of 280908276?
True
Does 213 divide 27676581?
True
Is 4 a factor of 70355564?
True
Is 531187136 a multiple of 16?
True
Is 328730157 a multiple of 4137?
True
Does 423 divide 186820065?
True
Is 298 a factor of 410655920?
True
Is 10187 a factor of 259371207?
True
Is 5565827 a multiple of 7?
False
Is 45686811 a multiple of 114?
False
Is 49 a factor of 1436184365?
True
Does 528 divide 79875840?
True
Does 36 divide 56609532?
True
Is 4 a factor of 2546909?
False
Is 9580928 a multiple of 68?
True
Does 116 divide 164060865?
False
Is 27 a factor of 38843901?
True
Does 27 divide 693234265?
False
Is 589 a factor of 13443925?
True
Is 41865120 a multiple of 16?
True
Does 87 divide 28391531?
False
Is 252378436 a multiple of 34?
False
Is 4560 a factor of 3024926160?
True
Is 160685549 a multiple of 8?
False
Is 10 a factor of 256353492?
False
Is 1700932570 a multiple of 115?
True
Does 5 divide 51657760?
True
Is 43853916 a multiple of 58?
True
Does 766 divide 452349044?
True
Is 29 a factor of 9851183?
False
Does 172 divide 62671589?
False
Is 2 a factor of 32534482?
True
Does 9 divide 314582199?
False
Does 8373 divide 2079688774?
False
Does 124 divide 17292296?
True
Is 29 a factor of 16824271?
False
Is 921965409 a multiple of 1111?
False
Is 15186210 a multiple of 816?
False
Does 3337 divide 26759403?
True
Is 168900554 a multiple of 104?
False
Does 198 divide 151823430?
True
Is 517122805 a multiple of 18?
False
Is 110083498 a multiple of 553?
True
Is 484 a factor of 29393804?
True
Is 1955046878 a multiple of 15?
False
Does 2773 divide 129188519?
False
Does 148 divide 982681516?
False
Does 615 divide 790890?
True
Is 42234780